{"id":82,"date":"2020-04-16T14:39:18","date_gmt":"2020-04-16T12:39:18","guid":{"rendered":"http:\/\/klubkontra.pl\/sklep\/?page_id=82"},"modified":"2020-04-16T14:39:18","modified_gmt":"2020-04-16T12:39:18","slug":"regulamin-sklepu","status":"publish","type":"page","link":"https:\/\/klubkontra.pl\/sklep\/index.php\/regulamin-sklepu\/","title":{"rendered":"Regulamin sklepu"},"content":{"rendered":"\n<h3 class=\"has-text-align-center\"><strong>\u00a71<\/strong> <strong>Postanowienia og\u00f3lne<\/strong><\/h3>\n\n\n\n<ol><li>Sklep internetowy [dalej &#8222;Sklep&#8221;] prowadzi sprzeda\u017c detaliczn\u0105 za po\u015brednictwem Internetu, na podstawie niniejszego Regulaminu [dalej &#8222;Regulamin&#8221;].<\/li><li>W\u0142a\u015bcicielem Sklepu jest: Fundacja Klub KONTRA z siedzib\u0105 w Bytomiu (41-902), plac Sikorskiego 1 , NIP: 6263006836, tel. +48 506402929, adres email: biuro@klubkontra.pl.<\/li><li>Regulamin jest integraln\u0105 cz\u0119\u015bci\u0105 umowy sprzeda\u017cy zawieranej z Klientem.<\/li><li>Warunkiem zawarcia umowy sprzeda\u017cy jest akceptacja Regulaminu przez Klienta.<\/li><li>Ceny podane w Sklepie s\u0105 cenami brutto (zawieraj\u0105 podatek VAT).<\/li><li>Towary dost\u0119pne w Sklepie s\u0105 wolne od wad fizycznych i prawnych.<\/li><\/ol>\n\n\n\n<h3 class=\"has-text-align-center\"><strong>\u00a72<\/strong> <strong>Zam\u00f3wienia<\/strong><\/h3>\n\n\n\n<ol><li>Zam\u00f3wienia mo\u017cna sk\u0142ada\u0107 w nast\u0119puj\u0105cy spos\u00f3b:<br>&#8211; poprzez formularz dost\u0119pny na stronie internetowej Sklepu,<br>&#8211; e-mailem na adres dost\u0119pny na stronie internetowej Sklepu.<\/li><li>Warunkiem realizacji zam\u00f3wienia jest podanie przez Klienta danych pozwalaj\u0105cych na weryfikacj\u0119 Klienta i odbiorcy towaru. Sklep potwierdza przyj\u0119cie zam\u00f3wienia emailem lub telefonicznie. Sklep ma prawo odm\u00f3wi\u0107 przyj\u0119cia zam\u00f3wienia, ograniczy\u0107 spos\u00f3b p\u0142atno\u015bci lub \u017c\u0105da\u0107 przedp\u0142aty w przypadku, gdy zam\u00f3wienie budzi uzasadnione w\u0105tpliwo\u015bci co do prawdziwo\u015bci i rzetelno\u015bci podanych danych b\u0105d\u017a sposobu zap\u0142aty.<\/li><li>Dla stron wi\u0105\u017c\u0105ce s\u0105 informacje zawarte na stronie internetowej Sklepu przy kupowanym towarze w momencie z\u0142o\u017cenia zam\u00f3wienia, w szczeg\u00f3lno\u015bci: cena, charakterystyka towaru, jego cechy, elementy wchodz\u0105ce w sk\u0142ad zestawu, termin i spos\u00f3b dostawy.<\/li><li>Informacje znajduj\u0105ce si\u0119 na stronie internetowej Sklepu nie stanowi\u0105 oferty w rozumieniu Kodeksu Cywilnego. Klient sk\u0142adaj\u0105c zam\u00f3wienie sk\u0142ada ofert\u0119 zakupu okre\u015blonego towaru. Do zawarcia umowy sprzeda\u017cy dochodzi z chwil\u0105 potwierdzenia Zam\u00f3wienia przez Klienta poprzez klikni\u0119cie w link potwierdzaj\u0105cy w mailu przys\u0142anym Klientowi przez Sklep.<\/li><\/ol>\n\n\n\n<h3 class=\"has-text-align-center\"><strong>\u00a73<\/strong> <strong>P\u0142atno\u015bci, wysy\u0142ka i odbi\u00f3r osobisty<\/strong><\/h3>\n\n\n\n<ol><li>Zap\u0142ata za produkt mo\u017cliwa jest poprzez wp\u0142at\u0119 na rachunek bankowy.<\/li><li><strong>Odbi\u00f3r osobisty jest mo\u017cliwy wy\u0142\u0105cznie w Katowicach<\/strong> (osiedle Tysi\u0105clecia) po wcze\u015bniejszym um\u00f3wieniu si\u0119.<\/li><li>Ceny przesy\u0142ek okre\u015blone s\u0105 w cenniku dostawy.<\/li><li>Warunkiem wydania towaru jest zap\u0142ata za towar i przesy\u0142k\u0119 (zam\u00f3wienie jest realizowane po zaksi\u0119gowaniu wp\u0142aty).<\/li><\/ol>\n\n\n\n<h3 class=\"has-text-align-center\"><strong>\u00a74<\/strong> <strong>Prawo odst\u0105pienia od umowy<\/strong><\/h3>\n\n\n\n<ol><li>Na podstawie Ustawy o ochronie niekt\u00f3rych praw konsument\u00f3w oraz o odpowiedzialno\u015bci za szkod\u0119 wyrz\u0105dzon\u0105 przez produkt niebezpieczny z dnia 2 marca 2000 r. Klient ma prawo odst\u0105pienia od umowy.<\/li><li>Prawo odst\u0105pienia od umowy jest skuteczne je\u017celi Klient z\u0142o\u017cy Sklepowi, w terminie 14 dni od odbioru towaru, o\u015bwiadczenie o odst\u0105pieniu od umowy.<\/li><li>Klient na sw\u00f3j koszt zwraca towar do Sklepu w terminie 14 dni od z\u0142o\u017cenia o\u015bwiadczenia o odst\u0105pieniu od umowy.<\/li><li>W ci\u0105gu 3 dni roboczych od otrzymania przesy\u0142ki, Sklep sprawdzi stan przekazanego produktu, a w w terminie 7 dni od sprawdzenia towaru Sklep zwraca Klientowi zap\u0142acon\u0105 kwot\u0119. Klient powinien wskaza\u0107 numer rachunku bankowego, na jaki ma zosta\u0107 przelana zwracana kwota.<\/li><li>Prawo odst\u0105pienia nie przys\u0142uguje Klientowi w przypadkach okre\u015blonych w ustawie, o kt\u00f3rej mowa w ust. 1 powy\u017cej.<\/li><\/ol>\n\n\n\n<h3 class=\"has-text-align-center\"><strong>\u00a75 Reklamacje, promocje\u00a0<\/strong><\/h3>\n\n\n\n<ol><li>W przypadku niezgodno\u015bci towaru z umow\u0105 Klient powinien skontaktowa\u0107 si\u0119 ze Sklepem oraz opisa\u0107 niezgodno\u015bci.<\/li><li>Sklep ustosunkowuje si\u0119 do reklamacji Klienta w terminie 14 dni roboczych od momentu zwrotu towaru wraz z opisem niezgodno\u015bci. Je\u015bli b\u0119dzie konieczne odes\u0142anie towaru do Sklepu &#8211; Sklep wska\u017ce, w jaki spos\u00f3b nale\u017cy przes\u0142a\u0107 produkt. W sytuacji uzasadnionej reklamacji Sklep zwr\u00f3ci koszty tej przesy\u0142ki. Natomiast gdy realizacja uzasadnionej reklamacji wi\u0105\u017ce si\u0119 z wys\u0142aniem Klientowi nowego towaru b\u0105d\u017a usuni\u0119cia niezgodno\u015bci, koszty dostaw ponosi Sklep.<\/li><li>Indywidualne ustawienia komputera i monitora Klienta powoduj\u0105ce b\u0142\u0119dne lub zniekszta\u0142cone wy\u015bwietlanie informacji o towarach (np. kolor\u00f3w), nie mog\u0105 by\u0107 podstaw\u0105 reklamacji.<\/li><li>Promocje dost\u0119pne na stronie nie \u0142\u0105cz\u0105 si\u0119 ze sob\u0105. Je\u015bli klient posiada kod promocyjny mo\u017ce go wykorzysta\u0107 tylko na asortyment nie obj\u0119ty promocj\u0105. Kody promocyjne nie \u0142\u0105cz\u0105 si\u0119 ze sob\u0105.<\/li><li>Klienci posiadaj\u0105cy sta\u0142y rabat nie mog\u0105 wykorzysta\u0107 go na asortyment w promocyjnej cenie.\u00a0<\/li><\/ol>\n\n\n\n<h3 class=\"has-text-align-center\"><strong>\u00a76<\/strong> <strong>Ochrona prywatno\u015bci<\/strong><\/h3>\n\n\n\n<ol><li>Sk\u0142adaj\u0105c zam\u00f3wienie Klient wyra\u017ca zgod\u0119 na przetwarzanie jego danych osobowych wy\u0142\u0105cznie w celu realizacji zam\u00f3wienia.<\/li><li>Klient mo\u017ce r\u00f3wnie\u017c wyrazi\u0107 odr\u0119bn\u0105 zgod\u0119 na otrzymywanie od Sklepu materia\u0142\u00f3w reklamowo-promocyjnych, w tym biuletynu handlowego.<\/li><li>Klient ma prawo dost\u0119pu do swoich danych osobowych oraz ich poprawiania, \u017c\u0105dania zaprzestania ich przetwarzania oraz sprzeciwu wobec ich przetwarzania,<\/li><\/ol>\n\n\n\n<h3 class=\"has-text-align-center\"><strong>\u00a77 W\u0142asno\u015b\u0107 intelektualna<\/strong><\/h3>\n\n\n\n<p>Zabrania si\u0119 wykorzystywania jakichkolwiek materia\u0142\u00f3w publikowanych na stronie internetowej Sklepu (w tym zdj\u0119\u0107 i opis\u00f3w towar\u00f3w) bez pisemnej zgody Sklepu<\/p>\n\n\n\n<h3 class=\"has-text-align-center\"><strong>\u00a78 Pozosta\u0142e informacje<\/strong><\/h3>\n\n\n\n<ol><li>Regulamin wchodzi w \u017cycie z dniem publikacji na stronie internetowej Sklepu.<\/li><li>Niniejszy Regulamin mo\u017ce zosta\u0107 zmieniony, a zmiany Regulaminu zostan\u0105 opublikowane na stronie Sklepu.<\/li><li>Informacja o zmianach Regulaminu zostanie przes\u0142ana Klientowi na adres email wskazany w zam\u00f3wieniu.<\/li><li>Zmiany Regulaminu wchodz\u0105 w \u017cycie po up\u0142ywie 14 dni od dnia ich publikacji w spos\u00f3b okre\u015blony w ust. 3.<\/li><li>Sklep uznaje, i\u017c Klient zaakceptowa\u0142 zmiany regulaminu, je\u015bli nie wypowiedzia\u0142 umowy do ko\u0144ca up\u0142ywu okresu wskazanego w ust. 5.<\/li><\/ol>\n","protected":false},"excerpt":{"rendered":"<p>\u00a71 Postanowienia og\u00f3lne Sklep internetowy [dalej &#8222;Sklep&#8221;] prowadzi sprzeda\u017c detaliczn\u0105 za po\u015brednictwem Internetu, na podstawie niniejszego Regulaminu [dalej &#8222;Regulamin&#8221;]. W\u0142a\u015bcicielem Sklepu jest: Fundacja Klub KONTRA z siedzib\u0105 w Bytomiu (41-902), plac Sikorskiego 1 , NIP: 6263006836, tel. +48 506402929, adres email: biuro@klubkontra.pl. Regulamin jest integraln\u0105 cz\u0119\u015bci\u0105 umowy sprzeda\u017cy zawieranej z Klientem. Warunkiem zawarcia umowy sprzeda\u017cy [&hellip;]<\/p>\n","protected":false},"author":1,"featured_media":0,"parent":0,"menu_order":0,"comment_status":"closed","ping_status":"closed","template":"","meta":[],"_links":{"self":[{"href":"https:\/\/klubkontra.pl\/sklep\/index.php\/wp-json\/wp\/v2\/pages\/82"}],"collection":[{"href":"https:\/\/klubkontra.pl\/sklep\/index.php\/wp-json\/wp\/v2\/pages"}],"about":[{"href":"https:\/\/klubkontra.pl\/sklep\/index.php\/wp-json\/wp\/v2\/types\/page"}],"author":[{"embeddable":true,"href":"https:\/\/klubkontra.pl\/sklep\/index.php\/wp-json\/wp\/v2\/users\/1"}],"replies":[{"embeddable":true,"href":"https:\/\/klubkontra.pl\/sklep\/index.php\/wp-json\/wp\/v2\/comments?post=82"}],"version-history":[{"count":1,"href":"https:\/\/klubkontra.pl\/sklep\/index.php\/wp-json\/wp\/v2\/pages\/82\/revisions"}],"predecessor-version":[{"id":83,"href":"https:\/\/klubkontra.pl\/sklep\/index.php\/wp-json\/wp\/v2\/pages\/82\/revisions\/83"}],"wp:attachment":[{"href":"https:\/\/klubkontra.pl\/sklep\/index.php\/wp-json\/wp\/v2\/media?parent=82"}],"curies":[{"name":"wp","href":"https:\/\/api.w.org\/{rel}","templated":true}]}}